 = 2384 + -3943. Let g = 2306 + s. What is the units digit of g?
7
Suppose -4*o + 203419 = -11*b, 4*o + 357*b - 203339 = 352*b. What is the hundreds digit of o?
8
Let h(d) = 250*d**2 - 6*d + 2. Let k be h(-6). Suppose 2*o - 4*i + 0*i - k = 0, 5*o - i - 22568 = 0. Suppose o - 1094 = 13*w. What is the tens digit of w?
6
Let x be 5/(21/12 - (1 + 1)). Let p be (68/x - -3)*-755. Suppose 252 = 4*r - 2*d, p = 5*r - d + 5*d. What is the tens digit of r?
6
What is the hundreds digit of (-175772)/(-30) + (-5)/1050*14?
8
Suppose 5*i + 5*p = -325, 4*i + 4*p - 5*p = -275. Let o(u) = u**3 + 77*u**2 + 729*u + 399. Let l be o(-66). Let d = i + l. What is the tens digit of d?
3
Let m(h) = 17*h**3 + 23*h**2 + 79*h + 18. Let n(i) = -11*i**3 - 15*i**2 - 52*i - 12. Let d(o) = 5*m(o) + 8*n(o). What is the hundreds digit of d(-6)?
5
Suppose 2*g = 3*w + 20349, -3*w + 1665 + 28881 = 3*g. What is the ten thousands digit of g?
1
Suppose -56*x + 104085 = -2318453 - 278062. What is the tens digit of x?
2
Let n(m) = -2*m**3 - 2*m**2 - 48. Let c be n(0). Let d = c - -99. What is the units digit of (296 - -1)*34/d?
8
Suppose 16*k + 165586 = 716149 + 516877. What is the ten thousands digit of k?
6
Let o = -34 + 39. Suppose v + 201 = -4*y + 5*y, y - o*v - 221 = 0. Suppose 20 = 3*b - y. What is the tens digit of b?
7
Let q be (25932/(-5))/((-78)/260). Let f be (q/(-32) + -5)/((-3)/8). Suppose -7*u + f = 110. What is the tens digit of u?
9
Suppose 2 = z - 0*z. Let s(t) = 4*t**3 - t**2 + 2*t**3 - 5*t**2 + 5*t**z - 2*t. What is the tens digit of s(2)?
4
Let y = -2155 - -2713. What is the units digit of y?
8
Suppose 5*h - 30 = -2*w, 2*w + 3*w = h + 102. Suppose -g = -3*i - 5, w = 2*i + 3*g + g. What is the units digit of 233 - (i - (-6 + 2))?
9
Suppose 0 = 5*c - 2*m, -m = 4*c + 2 - 15. Suppose 69 = 3*q - 3*g, 7*g + 90 = 4*q + c*g. Suppose d = -q + 145. What is the units digit of d?
0
What is the hundreds digit of ((-59463)/(-12))/(51/136)?
2
Let h = 2645 - 734. What is the thousands digit of h?
1
Let g(y) = y**2 - 9*y - 18. Let p be g(9). Let c be (-5)/(-180)*8 + (-6404)/p. Suppose t - 5*t = -c. What is the tens digit of t?
8
Let g be 2 + (-21)/15 + (-2682)/(-5). Let l = g - 9. Suppose -5*z + 534 = 4*h - 4*z, -l = -4*h + 2*z. What is the tens digit of h?
3
Let f(z) = z**2 - 2*z + 1. Let y(n) = 3*n**3 - 5*n**2 + 18*n - 12. Let o(b) = 5*f(b) + y(b). Let l be (-1 + 0)/((-1)/2). What is the units digit of o(l)?
3
What is the tens digit of 268985/40 + (-5)/(-16)*174/145?
2
Suppose 4*u - 24 = -4*q, -4*q = 5*u - 5 - 20. Let y(r) = 510*r**3 + 2*r**2 - 6*r + 4. What is the tens digit of y(u)?
1
Suppose -3*s = 4*b - 713, 5*b + 543 = 8*b + 5*s. What is the hundreds digit of 31108/b + (-1)/(-4)?
1
Let z(o) = 1775*o + 4525. What is the ten thousands digit of z(14)?
2
Let l(y) = -56*y + 1. Let a(g) = -8*g**2 + 3*g + 4. Let w be a(-1). Let d(x) = x**3 + 7*x**2 - 2*x - 16. Let k be d(w). What is the tens digit of l(k)?
1
What is the ten thousands digit of 62891/(13 - (-276)/(-23))?
6
Suppose -y = -4*u - 858, -4*y = -0*u + 3*u - 3375. Suppose -z + 2387 = y. Suppose 0 = 10*i - z - 609. What is the hundreds digit of i?
2
Suppose -k + 2320 = 19*k. Let j = k - -20. What is the units digit of j?
6
Suppose 30*i - 17*i = -76*i + 325740. What is the units digit of i?
0
Let p(i) = i**3 + 5*i**2 + 15*i**2 + 9*i - 4*i + 6 - 15*i**2. Let w be p(-4). What is the tens digit of w/(-9) - ((-9275)/(-45))/(-5)?
4
Let q(t) = 7259*t**2 - 85*t + 174. What is the ten thousands digit of q(2)?
2
Let c = 1382 + -1339. Suppose -3*n + 6*n = -105. Let k = c + n. What is the units digit of k?
8
Let f(h) = h**3 + 88*h**2 + 793*h + 177. What is the ten thousands digit of f(-75)?
1
What is the units digit of (1 - -646)*2 + (5 - -2)?
1
Let n be (3 + 48/(-18))*30. Suppose -n*b + 341 = -799. What is the tens digit of b?
1
Let m be (-18010)/(-15) + ((-30)/(-9) - 3). Suppose 0 = -4*j + m + 2127. What is the hundreds digit of j?
8
Suppose -3*f + 882 = -0*f. Suppose -2*g - 2*d - f = -6*g, g - d - 76 = 0. Let k = -41 + g. What is the tens digit of k?
3
Let g(h) be the second derivative of h**3 + 17*h**2 + 5*h. Let i be g(-6). What is the units digit of (3*(-20)/(-36))/(i/(-42))?
5
Suppose -47*n + 880828 + 854366 = -418534. What is the units digit of n?
4
Let j be -34 - (4 + -3)*5. Let f = j - -42. What is the tens digit of f - 2 - (-399)/3?
3
What is the tens digit of ((-74361)/(-56) - (1 + 2)) + (-3)/(-24)?
2
Let t(x) = -4973*x + 4098. What is the units digit of t(-2)?
4
Let b = -65 + 65. Suppose 4*w - 187 = -j - b*w, -j - w = -178. Suppose -4*u = -j - 201. What is the tens digit of u?
9
Let v(h) be the third derivative of h**5/60 - h**4/8 + h**3 - 10*h**2. Let m be v(0). Suppose 8*j = m*j + 36. What is the tens digit of j?
1
Let k(x) = -2*x**3 + 63*x**2 - 28*x - 147. What is the tens digit of k(26)?
6
Suppose 0 = 4*t + c - 11, -2*t = -3*t - 3*c. Suppose t*d = -2*b - 36, -8*b - 15 = -3*b. What is the units digit of d*2/(4/(-16)*2)?
0
What is the units digit of ((-2255)/(70/(-14)))/(5/280)?
6
Suppose -5*v - z + 22 = 0, -6*z + 10 = -z. Suppose -8*l = -l. Suppose v*d + 66 - 258 = l. What is the tens digit of d?
4
Suppose -a - 10 = a, 5*a + 5 = -5*k. What is the tens digit of (8 + -23)/(-5) + k*34?
3
Suppose -4*i = -5*l - 30, 0*l + l + 17 = 3*i. Let n = -189 + 197. What is the tens digit of ((-157)/(-3) - l)/(n/24)?
6
Let h(n) = -65*n - 3*n**2 - 59*n + 29 + 143*n + 6*n**2. What is the units digit of h(-14)?
1
Suppose 0 = 3*l - 15, 0 = 3*i - 8*l + 5*l - 432. What is the hundreds digit of i + -1 - (-23)/23?
1
Let y be 4/(-7)*(-11 + 4). Suppose 0 = -y*o + 2*x + 7 + 7, 0 = 2*o - 3*x - 9. Suppose -2*u - 132 = -o*n - 6*u, -3*u = 0. What is the units digit of n?
4
Suppose -64*b = -866559 - 1714113. What is the thousands digit of b?
0
What is the thousands digit of (-4)/18 + -1*(-679954)/99 + 4?
6
Let c(o) = 379*o**2 + 14*o - 45. Let t be c(4). Suppose -30*h + 25*h + t = 0. What is the thousands digit of h?
1
Let s(c) = 2543*c + 23. What is the units digit of s(3)?
2
Let z be (-6 - -7 - -3) + (671 - 0). Suppose 4477 = 5*w + 2*k, 0 = -2*w - 5*k - z + 2470. What is the units digit of w?
5
Suppose -4*v + 4*m + 40 = 0, 13 = v + 3*v + 5*m. Let u = -1 + v. What is the units digit of (60/(-9))/(-5)*531/u?
8
Let j(f) = 149*f**2 + f - 18. Let q be j(5). Let r = -2447 + q. What is the tens digit of r?
6
Suppose -62546 = 285*n - 307*n. What is the units digit of n?
3
Let k = -6 + 8. Let q = 5 - k. What is the units digit of 20 + (q/(-6))/((-3)/(-6))?
9
Let q(d) = 602*d - 30. Suppose -6*r = -w - 9*r - 2, r + 2 = w. What is the tens digit of q(w)?
7
Let z(j) = 1. Let r(p) = -2*p**2 - 14. Let l be 2/13 + -8*(-114)/156. Let a(d) = l*z(d) - r(d). What is the tens digit of a(-9)?
8
Let a = -270 - -271. What is the tens digit of a + ((-1671)/(-15) - 22/55)?
1
Let o be 3 - (4 - (-2 - -13)). Suppose o*j - 1276 = 6*j. What is the tens digit of j?
1
Let r(o) = 4*o**2 - 6*o + 3. Let w be r(2). What is the tens digit of w/(((-20)/65)/(-4)*1)?
9
Let v be -4 + (-2)/1*2. What is the units digit of ((-42)/v)/((-6309)/1584 - -4)?
8
Let o = 20162 + -1896. What is the thousands digit of o?
8
Let i(u) = 449*u**2 + 194*u - 575. What is the units digit of i(3)?
8
Suppose -5*u - d - 5048 = -0*u, 0 = -u - 2*d - 1015. Let l = -488 - u. What is the hundreds digit of l?
5
Let z = -8928 + 15349. What is the hundreds digit of z?
4
Suppose 6 = 2*u, -v + 3*u = -3 + 6. Suppose 304 = v*d - 2420. What is the units digit of d?
4
Let z = 4 - 11. What is the tens digit of 4 - (z - -4 - (-2 + 528))?
3
Let w = 115319 + -56537. What is the tens digit of w?
8
Suppose 0 = 28*u - 2*u + 4*z - 2156268, 165855 = 2*u - z. What is the tens digit of u?
3
Suppose -x = x + 3*g - 13, 3*x = -g + 37. Suppose -x*s + 18*s - 980 = 0. What is the hundreds digit of s?
2
Let n(m) = -3*m + 8. Let u be n(2). Suppose -2*l + 3*l = -2, k - u*l - 72 = 0. Suppose -p = -k - 5. What is the tens digit of p?
7
Let m(a) = -4*a - 9. Let i(g) be the first derivative of -g**3/3 - 5*g**2 + 4*g + 11. Let l be i(-11). What is the tens digit of m(l)?
1
Let o(k) = 11*k**2 + 2*k + 5. Suppose 0 = -h + 1. Suppose -h - 1 = -5*i + 4*l, 0 = -3*i - l - 9. What is the tens digit of o(i)?
4
Let l(a) = 160*a - 793. What is the hundreds digit o